{"id":29,"date":"2020-06-26T16:27:37","date_gmt":"2020-06-26T14:27:37","guid":{"rendered":"http:\/\/ffumwdy.cluster028.hosting.ovh.net\/?page_id=29"},"modified":"2020-09-22T15:48:00","modified_gmt":"2020-09-22T13:48:00","slug":"contrats-dentretien","status":"publish","type":"page","link":"https:\/\/electrorama-idf.fr\/?page_id=29","title":{"rendered":"Contrats d&rsquo;entretien"},"content":{"rendered":"\t\t<div data-elementor-type=\"wp-page\" data-elementor-id=\"29\" class=\"elementor elementor-29\">\n\t\t\t\t\t\t\t\t\t<section class=\"elementor-section elementor-top-section elementor-element elementor-element-797d24c elementor-section-boxed elementor-section-height-default elementor-section-height-default\" data-id=\"797d24c\" data-element_type=\"section\">\n\t\t\t\t\t\t<div class=\"elementor-container elementor-column-gap-default\">\n\t\t\t\t\t<div class=\"elementor-column elementor-col-50 elementor-top-column elementor-element elementor-element-838a63c\" data-id=\"838a63c\" data-element_type=\"column\">\n\t\t\t<div class=\"elementor-widget-wrap elementor-element-populated\">\n\t\t\t\t\t\t\t\t<div class=\"elementor-element elementor-element-848d037 elementor-widget elementor-widget-image\" data-id=\"848d037\" data-element_type=\"widget\" data-widget_type=\"image.default\">\n\t\t\t\t<div class=\"elementor-widget-container\">\n\t\t\t\t\t\t\t\t\t\t\t\t\t\t\t<img loading=\"lazy\" decoding=\"async\" width=\"800\" height=\"800\" src=\"https:\/\/electrorama-idf.fr\/wp-content\/uploads\/2020\/06\/ELECTRORAMA-picto-1024x1024.png\" class=\"attachment-large size-large wp-image-5\" alt=\"logo-electrorama-electricite-generale-logo-onglet\" srcset=\"https:\/\/electrorama-idf.fr\/wp-content\/uploads\/2020\/06\/ELECTRORAMA-picto-1024x1024.png 1024w, https:\/\/electrorama-idf.fr\/wp-content\/uploads\/2020\/06\/ELECTRORAMA-picto-300x300.png 300w, https:\/\/electrorama-idf.fr\/wp-content\/uploads\/2020\/06\/ELECTRORAMA-picto-150x150.png 150w, https:\/\/electrorama-idf.fr\/wp-content\/uploads\/2020\/06\/ELECTRORAMA-picto-768x768.png 768w, https:\/\/electrorama-idf.fr\/wp-content\/uploads\/2020\/06\/ELECTRORAMA-picto.png 1181w\" sizes=\"auto, (max-width: 800px) 100vw, 800px\" \/>\t\t\t\t\t\t\t\t\t\t\t\t\t\t\t<\/div>\n\t\t\t\t<\/div>\n\t\t\t\t\t<\/div>\n\t\t<\/div>\n\t\t\t\t<div class=\"elementor-column elementor-col-50 elementor-top-column elementor-element elementor-element-aef3e0c\" data-id=\"aef3e0c\" data-element_type=\"column\">\n\t\t\t<div class=\"elementor-widget-wrap elementor-element-populated\">\n\t\t\t\t\t\t\t\t<div class=\"elementor-element elementor-element-9520ba9 elementor-widget elementor-widget-text-editor\" data-id=\"9520ba9\" data-element_type=\"widget\" data-widget_type=\"text-editor.default\">\n\t\t\t\t<div class=\"elementor-widget-container\">\n\t\t\t\t\t\t\t<p>Interphones, digicodes, portes et portails automatiques, VMC, cam\u00e9ras, &#8230; vos installations sont soumises \u00e0 de multiples contraintes (\u00e9lectriques, climatiques, usages, vandalismes).<\/p><p>Cependant, vous \u00eates dans l&rsquo;obligation de maintenir vos \u00e9quipements en condition de fonctionnement.<\/p><p>Notre contrat d&rsquo;entretien vous permet de pr\u00e9venir la majorit\u00e9 des pannes d&rsquo;usure normale des syst\u00e8mes.<\/p><p>Nos contrats sp\u00e9cifient les conditions de passages pr\u00e9ventifs r\u00e9guliers :<\/p><ul><li>Les plages horaires et journali\u00e8res couvertes,<\/li><li>les d\u00e9lais d&rsquo;interventions,<\/li><li>Le nombre d\u2019interventions incluses par an<\/li><li>&#8230;<\/li><\/ul>\t\t\t\t\t\t<\/div>\n\t\t\t\t<\/div>\n\t\t\t\t\t<\/div>\n\t\t<\/div>\n\t\t\t\t\t\t\t<\/div>\n\t\t<\/section>\n\t\t\t\t\t\t\t<\/div>\n\t\t","protected":false},"excerpt":{"rendered":"<p>Interphones, digicodes, portes et portails automatiques, VMC, cam\u00e9ras, &#8230; vos installations sont soumises \u00e0 de multiples contraintes (\u00e9lectriques, climatiques, usages, vandalismes). Cependant, vous \u00eates dans l&rsquo;obligation de maintenir vos \u00e9quipements en condition de fonctionnement. Notre contrat d&rsquo;entretien vous permet de pr\u00e9venir la majorit\u00e9 des pannes d&rsquo;usure normale des syst\u00e8mes. Nos contrats sp\u00e9cifient les conditions de [&hellip;]<\/p>\n","protected":false},"author":2,"featured_media":5,"parent":0,"menu_order":0,"comment_status":"closed","ping_status":"closed","template":"","meta":{"footnotes":""},"class_list":["post-29","page","type-page","status-publish","has-post-thumbnail","hentry"],"_links":{"self":[{"href":"https:\/\/electrorama-idf.fr\/index.php?rest_route=\/wp\/v2\/pages\/29","targetHints":{"allow":["GET"]}}],"collection":[{"href":"https:\/\/electrorama-idf.fr\/index.php?rest_route=\/wp\/v2\/pages"}],"about":[{"href":"https:\/\/electrorama-idf.fr\/index.php?rest_route=\/wp\/v2\/types\/page"}],"author":[{"embeddable":true,"href":"https:\/\/electrorama-idf.fr\/index.php?rest_route=\/wp\/v2\/users\/2"}],"replies":[{"embeddable":true,"href":"https:\/\/electrorama-idf.fr\/index.php?rest_route=%2Fwp%2Fv2%2Fcomments&post=29"}],"version-history":[{"count":19,"href":"https:\/\/electrorama-idf.fr\/index.php?rest_route=\/wp\/v2\/pages\/29\/revisions"}],"predecessor-version":[{"id":683,"href":"https:\/\/electrorama-idf.fr\/index.php?rest_route=\/wp\/v2\/pages\/29\/revisions\/683"}],"wp:featuredmedia":[{"embeddable":true,"href":"https:\/\/electrorama-idf.fr\/index.php?rest_route=\/wp\/v2\/media\/5"}],"wp:attachment":[{"href":"https:\/\/electrorama-idf.fr\/index.php?rest_route=%2Fwp%2Fv2%2Fmedia&parent=29"}],"curies":[{"name":"wp","href":"https:\/\/api.w.org\/{rel}","templated":true}]}}